11001
In base 14, what is -11366 - 3?
-11369
In base 8, what is 203 - -140345?
140550
In base 5, what is 0 - 141404?
-141404
In base 7, what is -164 + 303?
106
In base 12, what is -163 + -19b?
-342
In base 15, what is 2 + -d61?
-d5e
In base 10, what is 224 - 150?
74
In base 10, what is 248 - 5?
243
In base 4, what is 10 + -1031113133?
-1031113123
In base 6, what is 1502 + 50351?
52253
In base 10, what is 1826 + -572?
1254
In base 11, what is 2a990 + -18?
2a973
In base 15, what is -4 - 1e84?
-1e88
In base 7, what is -614 + -1601?
-2515
In base 14, what is 11 + 6c?
7d
In base 6, what is -112103131 - 0?
-112103131
In base 15, what is -14ad0 - -1?
-14ace
In base 8, what is 2 - -23156?
23160
In base 7, what is -56006 + -403?
-56412
In base 12, what is -118 + b?
-109
In base 13, what is 4 + 11449?
11450
In base 14, what is -a - 19250?
-1925a
In base 9, what is 5 - 124636?
-124631
In base 6, what is -155524133 + -1?
-155524134
In base 7, what is 1322531 + -5?
1322523
In base 2, what is 100010101 + -101110111001?
-101010100100
In base 12, what is -48 + -3189?
-3215
In base 15, what is a - -e69e?
e6a9
In base 9, what is 46663 - -130?
46803
In base 9, what is -3507782 + -4?
-3507786
In base 3, what is 1 + 2010101222?
2010102000
In base 4, what is 21 + 13312103?
13312130
In base 13, what is 3b - 269?
-22b
In base 12, what is -11190 - 11?
-111a1
In base 6, what is -533 - 12451?
-13424
In base 6, what is 113122 - -20?
113142
In base 10, what is 236 - -153?
389
In base 5, what is -34010 + -12?
-34022
In base 2, what is 11011011011101 - 101?
11011011011000
In base 16, what is -7c7 + 29?
-79e
In base 15, what is d + 981?
98e
In base 14, what is 1787 + 268?
1a11
In base 8, what is -14353 - -24?
-14327
In base 14, what is 148 + 88b?
9d5
In base 10, what is 10 - -575?
585
In base 16, what is 11 - 2713?
-2702
In base 4, what is -22031212 + 10?
-22031202
In base 16, what is 2a405 + -12?
2a3f3
In base 5, what is 2 + -1301214?
-1301212
In base 3, what is -110 + -210201210?
-210202020
In base 14, what is -359 + 59?
-300
In base 6, what is -102041 + -4?
-102045
In base 16, what is 48 + 4009?
4051
In base 5, what is -100131 + 1133?
-43443
In base 5, what is 3 + -1144404?
-1144401
In base 10, what is -1 - -9809?
9808
In base 11, what is -3 + -273601?
-273604
In base 2, what is 1011000001 - -11001010?
1110001011
In base 12, what is 5 + -78738?
-78733
In base 15, what is -1 + -271ca?
-271cb
In base 7, what is 1541 + 51?
1622
In base 15, what is -3a92 - bc?
-3b5e
In base 15, what is -2 - -1e69e?
1e69c
In base 8, what is -11 + 20507?
20476
In base 7, what is -1 - -1612311?
1612310
In base 14, what is da79 - -4?
da7d
In base 14, what is 516 - -c5?
5db
In base 3, what is 10 + -1222011021?
-1222011011
In base 12, what is a84 + -a38?
48
In base 13, what is -1 - -b84?
b83
In base 5, what is -2 - 4301100?
-4301102
In base 7, what is -14604 + 13?
-14561
In base 12, what is 28 - 874?
-848
In base 10, what is 15 + 1721?
1736
In base 9, what is 2131 - 108?
2022
In base 8, what is -1 + 230576?
230575
In base 12, what is 44 - -58b2?
5936
In base 8, what is 1372 + 744?
2336
In base 9, what is 5 - -1868611?
1868616
In base 13, what is -a39 + 4?
-a35
In base 5, what is 301 - 103332?
-103031
In base 8, what is 5 + 123517?
123524
In base 7, what is 0 + -15004?
-15004
In base 2, what is 100 - -10100001001111001?
10100001001111101
In base 5, what is 2404 - 2423?
-14
In base 12, what is 1207 - -51?
1258
In base 12, what is -42a31 - -2?
-42a2b
In base 10, what is -10 - -170345?
170335
In base 11, what is 20998 + 22?
20a0a
In base 15, what is -1b552 - 9?
-1b55b
In base 7, what is -444 - -14666?
14222
In base 8, what is -60217 - 1?
-60220
In base 9, what is -13 + -42604?
-42617
In base 15, what is 3 - -2bd00?
2bd03
In base 9, what is 4 - -750114?
750118
In base 3, what is 11200220 - 222?
11122221
In base 9, what is 40164 + 7?
40172
In base 6, what is 5 + 4453203?
4453212
In base 16, what is -260 + 1bb?
-a5
In base 8, what is -210 + -33723?
-34133
In base 2, what is -101010011 - -1000101110111?
1000000100100
In base 5, what is 123033 - -13?
123101
In base 9, what is -3 - 187126?
-187130
In base 6, what is 11515505 - -4?
11515513
In base 9, what is -4 - 104657?
-104662
In base 7, what is 11051256 - 3?
11051253
In base 15, what is -2 - 7a1d?
-7a20
In base 5, what is 22014 - -211?
22230
In base 13, what is -4 + 9843?
983c
In base 2, what is -111101 + -10000100000?
-10001011101
In base 12, what is 90 - 81?
b
In base 16, what is 3fdd + -6?
3fd7
In base 14, what is 37 - 32c0?
-3287
In base 9, what is -4764 + 45?
-4718
In base 7, what is 4066240 - -11?
4066251
In base 12, what is -117b15 + 3?
-117b12
In base 13, what is 198 + 120?
2b8
In base 11, what is 7796 + 420?
8106
In base 12, what is -101 - -547?
446
In base 12, what is -16 + -98b?
-9a5
In base 14, what is 35aa - -15?
35c1
In base 10, what is -57555 - -10?
-57545
In base 15, what is -d72 + 129?
-c48
In base 7, what is 1013 + 246?
1262
In base 12, what is 4 + -3864b?
-38647
In base 8, what is 105 - -2270?
2375
In base 15, what is 10ec - -1?
10ed
In base 13, what is 5525 + -20?
5505
In base 7, what is -5033 - -415?
-4315
In base 5, what is -1 - -244103?
244102
In base 6, what is -10101 - -142?
-5515
In base 8, what is 460 + -3?
455
In base 13, what is -15983 - -27?
-15959
In base 12, what is -8 + -a7a0?
-a7a8
In base 11, what is -3072a0 - 5?
-3072a5
In base 2, what is -1100101 + -10101101?
-100010010
In base 6, what is -5 - 204141?
-204150
In base 4, what is -3 + -13033020121?
-13033020130
In base 13, what is -40394 - -1?
-40393
In base 5, what is -433320 + 110?
-433210
In base 7, what is 15000 + -323?
14344
In base 3, what is -1021102 - -2?
-1021100
In base 12, what is -32 - 12a6?
-1318
In base 7, what is 5336351 + 0?
5336351
In base 2, what is -1110 + 100001001?
11111011
In base 10, what is 5 - 64739?
-64734
In base 12, what is 44 + 1343?
1387
In base 10, what is -102 - 228?
-330
In base 11, what is 124228 - -3?
124230
In base 10, what is 4164 + 157?
4321
In base 2, what is -10000111001101010001 + 10?
-10000111001101001111
In base 14, what is -c6b + -43?
-cb0
In base 11, what is 29617 + -61?
29566
In base 2, what is 10000 + -1010111101111?
-1010111011111
In base 13, what is -16b13 + -5?
-16b18
In base 9, what is 4 + -43678?
-43674
In base 11, what is 1 - 2972?
-2971
In base 7, what is -5 - 3521543?
-3521551
In base 7, what is 40 + 302?
342
In base 16, what is bc2 - 21?
ba1
In base 3, what is 100022010101 - 12?
100022010012
In base 9, what is 4 + -31565?
-31561
In base 9, what is 240601 + 1?
240602
In base 13, what is -5b23b + -1?
-5b23c
In base 6, what is -2 - -1051400?
1051354
In base 11, what is 0 - 20324?
-20324
In base 8, what is -164 - -5140?
4754
In base 15, what is -12b7 + 11?
-12a6
In base 4, what is -20011323 - 32?
-20012021
In base 14, what is -4 - cc899?
-cc89d
In base 7, what is -54 + -46120?
-46204
In base 12, what is -83a5 + 10?
-8395
In base 14, what is -c + -21819?
-21827
In base 15, what is 212 - 253?
-41
In base 16, what is 16 - 9b2?
-99c
In base 3, what is 12200220 - -1002?
12201222
In base 14, what is -2aa7 - -26?
-2a81
In base 5, what is 22 - -442143?
442220
In base 4, what is -11 - -32021233?
32021222
In base 10, what is -1458612 + 4?
-1458608
In base 5, what is -12321003 - -10?
-12320443
In base 5, what is -303 + 310324?
310021
In base 16, what is -14e + 1780?
1632
In base 12, what is 2 - 300a65?
-300a63
In base 11, what is 108a + -2a?
1060
In base 16, what is -3cba6 + -4?
-3cbaa
In base 13, what is -4 + 19668?
19664
In base 5, what is 410001 - 4?
404442
In base 5, what is -112214 - 40341?
-203110
In base 15, what is -3 - -d839?
d836
In base 7, what is -23 + 302231?
302205
In base 14, what is -98 - 1c8?
-282
In base 2, what is -101 - -111110001111100101?
111110001111100000
In base 3, what is 1 - -2002210002112?
2002210002120
In base 5, what is 11231 - -132?
11413
In base 4, what is -2 - -2030112220?
2030112212
In base 7, what is -10136 + -645?
-11114
In base 14, what is -1 - 4934d?
-49350
In base 15, what is a669 + 5?
a66e
In base 10, what is 31 + 2824?
2855
In base 15, what is -571e3 - -1?
-571e2
In base 7, what is -324 + 451?
124
In base 14, what is -3197 - 5d?
-3216
In base 13, what is 235 - -cb3?
1218
In base 10, wh